{"id":2,"date":"2018-04-21T11:54:30","date_gmt":"2018-04-21T11:54:30","guid":{"rendered":"https:\/\/le-cairn.ch\/?page_id=2"},"modified":"2019-04-16T14:51:33","modified_gmt":"2019-04-16T14:51:33","slug":"sample-page","status":"publish","type":"page","link":"https:\/\/le-cairn.ch\/?page_id=2","title":{"rendered":"L&#8217;association"},"content":{"rendered":"\n<figure class=\"wp-block-image\"><img decoding=\"async\" loading=\"lazy\" width=\"1024\" height=\"391\" src=\"https:\/\/le-cairn.ch\/wp-content\/uploads\/2018\/04\/Cairn-Cervin-libre-de-droits-e1524323026779-1024x391.jpg\" alt=\"\" class=\"wp-image-59\" srcset=\"https:\/\/le-cairn.ch\/wp-content\/uploads\/2018\/04\/Cairn-Cervin-libre-de-droits-e1524323026779-1024x391.jpg 1024w, https:\/\/le-cairn.ch\/wp-content\/uploads\/2018\/04\/Cairn-Cervin-libre-de-droits-e1524323026779-300x115.jpg 300w, https:\/\/le-cairn.ch\/wp-content\/uploads\/2018\/04\/Cairn-Cervin-libre-de-droits-e1524323026779-768x294.jpg 768w, https:\/\/le-cairn.ch\/wp-content\/uploads\/2018\/04\/Cairn-Cervin-libre-de-droits-e1524323026779.jpg 1601w\" sizes=\"(max-width: 767px) 89vw, (max-width: 1000px) 54vw, (max-width: 1071px) 543px, 580px\" \/><\/figure>\n\n\n<p><strong>Cairn<\/strong> [k\u025b\u0281\u0273] n.m. d&#8217;origine celtique<\/p>\n<p>Le cairn originel\u00a0amasse des cailloux pour marquer, indiquer; c\u2019est un point de rep\u00e8re\u00a0dans des milieux inhabit\u00e9s.<\/p>\n<p>Notre Cairn promeut les artistes et\u00a0artisans, cr\u00e9e des liens et organise des \u00e9v\u00e8nements culturels dans la\u00a0r\u00e9gion de Sion ; c\u2019est une balise en milieu urbain.<\/p>\n<p>Carine,\u00a0Am\u00e9lie, Isabelle, Paride et Mathias ont cr\u00e9e le Cairn, association \u00e0 but\u00a0non lucratif, vou\u00e9e \u00e0 la promotion et \u00e0 la rencontre de talents\u00a0\u00e9mergeants.<\/p>\n<p><a href=\"https:\/\/le-cairn.ch\/?page_id=16\">Devenir membre<\/a><\/p>\n<p><a href=\"https:\/\/le-cairn.ch\/?page_id=95\">Le comit\u00e9<\/a><\/p>","protected":false},"excerpt":{"rendered":"<p>Cairn [k\u025b\u0281\u0273] n.m. d&#8217;origine celtique Le cairn originel\u00a0amasse des cailloux pour marquer, indiquer; c\u2019est un point de rep\u00e8re\u00a0dans des milieux inhabit\u00e9s. Notre Cairn promeut les artistes et\u00a0artisans, cr\u00e9e des liens et organise des \u00e9v\u00e8nements culturels dans la\u00a0r\u00e9gion de Sion ; c\u2019est une balise en milieu urbain. Carine,\u00a0Am\u00e9lie, Isabelle, Paride et Mathias ont cr\u00e9e le Cairn, &hellip; <\/p>\n<p class=\"link-more\"><a href=\"https:\/\/le-cairn.ch\/?page_id=2\" class=\"more-link\">Continuer la lecture<span class=\"screen-reader-text\"> de &laquo;&nbsp;L&#8217;association&nbsp;&raquo;<\/span><\/a><\/p>\n","protected":false},"author":1,"featured_media":0,"parent":0,"menu_order":0,"comment_status":"closed","ping_status":"closed","template":"","meta":[],"wf_page_folders":[22],"_links":{"self":[{"href":"https:\/\/le-cairn.ch\/index.php?rest_route=\/wp\/v2\/pages\/2"}],"collection":[{"href":"https:\/\/le-cairn.ch\/index.php?rest_route=\/wp\/v2\/pages"}],"about":[{"href":"https:\/\/le-cairn.ch\/index.php?rest_route=\/wp\/v2\/types\/page"}],"author":[{"embeddable":true,"href":"https:\/\/le-cairn.ch\/index.php?rest_route=\/wp\/v2\/users\/1"}],"replies":[{"embeddable":true,"href":"https:\/\/le-cairn.ch\/index.php?rest_route=%2Fwp%2Fv2%2Fcomments&post=2"}],"version-history":[{"count":12,"href":"https:\/\/le-cairn.ch\/index.php?rest_route=\/wp\/v2\/pages\/2\/revisions"}],"predecessor-version":[{"id":702,"href":"https:\/\/le-cairn.ch\/index.php?rest_route=\/wp\/v2\/pages\/2\/revisions\/702"}],"wp:attachment":[{"href":"https:\/\/le-cairn.ch\/index.php?rest_route=%2Fwp%2Fv2%2Fmedia&parent=2"}],"wp:term":[{"taxonomy":"wf_page_folders","embeddable":true,"href":"https:\/\/le-cairn.ch\/index.php?rest_route=%2Fwp%2Fv2%2Fwf_page_folders&post=2"}],"curies":[{"name":"wp","href":"https:\/\/api.w.org\/{rel}","templated":true}]}}