{"id":53,"date":"2018-04-21T13:40:24","date_gmt":"2018-04-21T13:40:24","guid":{"rendered":"https:\/\/le-cairn.ch\/?page_id=53"},"modified":"2019-04-16T14:53:05","modified_gmt":"2019-04-16T14:53:05","slug":"projet-en-cours-sur-la-faille","status":"publish","type":"page","link":"https:\/\/le-cairn.ch\/?page_id=53","title":{"rendered":"Workshop"},"content":{"rendered":"\n<figure class=\"wp-block-image\"><img decoding=\"async\" loading=\"lazy\" width=\"1024\" height=\"547\" src=\"https:\/\/le-cairn.ch\/wp-content\/uploads\/2018\/05\/DSC0810-2-1024x547.jpg\" alt=\"\" class=\"wp-image-340\" srcset=\"https:\/\/le-cairn.ch\/wp-content\/uploads\/2018\/05\/DSC0810-2-1024x547.jpg 1024w, https:\/\/le-cairn.ch\/wp-content\/uploads\/2018\/05\/DSC0810-2-300x160.jpg 300w, https:\/\/le-cairn.ch\/wp-content\/uploads\/2018\/05\/DSC0810-2-768x410.jpg 768w, https:\/\/le-cairn.ch\/wp-content\/uploads\/2018\/05\/DSC0810-2.jpg 1800w\" sizes=\"(max-width: 767px) 89vw, (max-width: 1000px) 54vw, (max-width: 1071px) 543px, 580px\" \/><\/figure>\n\n\n<div class=\"page\" title=\"Page 1\">\n<div class=\"layoutArea\">\n<p>Et si l\u2019on confrontait autour des mouvements des plaques tectoniques des personnes \u00e9trang\u00e8res les unes aux autres ? Si on faisait dialoguer des personnes aux langages diff\u00e9rents ? Des g\u00e9ologues expliqueraient comment vit le sol de nos r\u00e9gions, des sismologues d\u00e9criraient les causes et les diff\u00e9rentes \u00e9tapes des tremblements de terre. Des artistes, caisse de r\u00e9sonance du monde, mettraient en images, en mots, en mouvements, en musique toutes ces donn\u00e9es. Ils exprimeraient \u00e0 travers leurs \u0153uvres les r\u00e9actions d\u2019int\u00e9r\u00eat, de peur, d\u2019angoisse mais aussi de r\u00e9flexion et de s\u00e9curit\u00e9 que suscitent chez grand nombre d\u2019entre nous les connaissances scientifiques souvent partiellement dig\u00e9r\u00e9es.<\/p>\n<\/div>\n<p>T\u00e9l\u00e9charger <a href=\"https:\/\/le-cairn.ch\/wp-content\/uploads\/2018\/06\/20180531_SurLaFaille_dossierDePresse.pdf\" target=\"_blank\" rel=\"noopener noreferrer\">le dossier de presse<\/a><\/p>\n<div class=\"layoutArea\"><hr \/>\n<p><strong>SCIENTIFIQUES<br \/><\/strong>&#8211; Fabrizio D&#8217;Urso &#8211; Ing\u00e9nieur civil, chef de projet chez <a href=\"https:\/\/www.sdingenierie.com\/sdingenierie\/sdis.aspx\" target=\"_blank\" rel=\"noopener noreferrer\">sd ing\u00e9nierie<br \/><\/a>&#8211; Jean-Luc Epard &#8211; Sp\u00e9cialiste des Alpes, professeur associ\u00e9 \u00e0 la <a href=\"https:\/\/applicationspub.unil.ch\/interpub\/noauth\/php\/Un\/UnPers.php?PerNum=770251&amp;LanCode=37\" target=\"_blank\" rel=\"noopener noreferrer\">FGSE<br \/><\/a>&#8211; Gy\u00f6rgy Het\u00e9nyi &#8211; Sismologue, professeur assistant \u00e0 la <a href=\"https:\/\/applicationspub.unil.ch\/interpub\/noauth\/php\/Un\/UnPers.php?PerNum=1173368&amp;LanCode=37\" target=\"_blank\" rel=\"noopener noreferrer\">FGSE<\/a><\/p>\n<p><strong>ARTISTES<br \/><\/strong>&#8211; Virgile Elias Gehrig (Virgile Pitteloud) &#8211; <a href=\"https:\/\/agenda.culturevalais.ch\/fr\/artist\/show\/29\" target=\"_blank\" rel=\"noopener noreferrer\">infos<\/a><br \/>&#8211; Ma\u00eblle Cornut &#8211; <a href=\"https:\/\/www.maellecornut.ch\" target=\"_blank\" rel=\"noopener noreferrer\">infos<\/a><br \/>&#8211; Laurence Piaget &#8211; <a href=\"https:\/\/matterofchange.org\" target=\"_blank\" rel=\"noopener noreferrer\">infos<\/a><br \/>&#8211; Fahny Baudin &#8211; <a href=\"https:\/\/www.fahnybaudin.com\" target=\"_blank\" rel=\"noopener noreferrer\">infos<\/a><br \/>&#8211; Elise Lehec &#8211; <a href=\"https:\/\/www.valeik.com\" target=\"_blank\" rel=\"noopener noreferrer\">infos<\/a><br \/>&#8211; Katerina Samara &#8211; <a href=\"https:\/\/www.katerinasamara.com\" target=\"_blank\" rel=\"noopener noreferrer\">infos<\/a><br \/>&#8211; Adrian Fernandez Garcia &#8211; <a href=\"http:\/\/adrianfernandezgarcia.com\" target=\"_blank\" rel=\"noopener noreferrer\">infos<br \/><\/a>&#8211;\u00a0Nicolas Elsig &#8211; <a href=\"https:\/\/nelsig.ch\" target=\"_blank\" rel=\"noopener noreferrer\">infos<\/a><br \/>&#8211;\u00a0Luis Casanova Sorolla &#8211; <a href=\"https:\/\/www.casanovasorolla.net\" target=\"_blank\" rel=\"noopener noreferrer\">infos<\/a><\/p>\n<p>Ce week-end de travail intensif a pu avoir lieu gr\u00e2ce au soutien :<\/p>\n\n<table id=\"tablepress-8\" class=\"tablepress tablepress-id-8\">\n<tbody>\n<tr class=\"row-1\">\n\t<td class=\"column-1\"><a href=\"http:\/\/www.la-oh.ch\/fr\/\"><img src=\"https:\/\/le-cairn.ch\/wp-content\/uploads\/2018\/04\/la-oh.jpg\" alt=\"\" width=\"100\" height=\"100\" class=\"aligncenter size-full wp-image-164\" \/><\/a><\/td><td class=\"column-2\"><a href=\"https:\/\/intchieno.ch\"><img src=\"https:\/\/le-cairn.ch\/wp-content\/uploads\/2018\/04\/intchieno.jpg\" alt=\"\" width=\"100\" height=\"100\" class=\"aligncenter size-full wp-image-163\" \/><\/a><\/td>\n<\/tr>\n<tr class=\"row-2\">\n\t<td class=\"column-1\"><a href=\"http:\/\/www.orpailleur.ch\"><img src=\"https:\/\/le-cairn.ch\/wp-content\/uploads\/2018\/04\/orpailleur.jpg\" alt=\"\" width=\"100\" height=\"100\" class=\"aligncenter size-full wp-image-165\" \/><\/a><\/td><td class=\"column-2\"><a href=\"https:\/\/www.facebook.com\/lepainquejaime\/\"><img src=\"https:\/\/le-cairn.ch\/wp-content\/uploads\/2018\/07\/le-pain-que-j-aime.jpg\" alt=\"\" width=\"100\" height=\"100\" class=\"aligncenter size-full wp-image-203\" \/><\/a><\/td>\n<\/tr>\n<\/tbody>\n<\/table>\n<!-- #tablepress-8 from cache -->\n<p>Le week-end transdisciplinaire en images &#8230;<br \/><a href=\"http:\/\/www.cparide.ch\" target=\"_blank\" rel=\"noopener noreferrer\">\u00a9 Paride Corvaglia<\/a><br \/><!-- Final Tiles Grid Gallery for WordPress v3.5.6 free --><style>#ftg-11 .tile .icon { color:#ffffff; }#ftg-11 .ftg-items .loading-bar i { background:#666; }#ftg-11 .ftg-items .loading-bar { background:#fff; }#ftg-11 .tile .icon { font-size:12px; }#ftg-11 .tile .icon { margin: -6px 0 0 -6px; }#ftg-11 .tile .caption-block .text-wrapper span.text { font-size:12px; }#ftg-11 .tile .caption-outside .text-wrapper span.text { font-size:12px; }#ftg-11 .tile .caption-block .text-wrapper span.title { font-size:14px; }#ftg-11 .tile .caption-outside .text-wrapper span.title { font-size:14px; }#ftg-11 .tile { background-color: transparent; }#ftg-11 .tile .caption-block .text-wrapper span.text { color: #ffffff; }#ftg-11 .tile .caption-block .text-wrapper span.title { color: #ffffff; }#ftg-11 .tile .caption-outside .text-wrapper span.text { color: #ffffff; }#ftg-11 .tile .caption-outside .text-wrapper span.title { color: #ffffff; }#ftg-11 .tile .ftg-social a { color: #ffffff; }#ftg-11 .tile .caption-block { transition-timing-function:ease; }#ftg-11 .tile .caption-block { transition-duration:0.25s; }#ftg-11 .tile .tile-inner:before { background-color: #000000; }#ftg-11 .tile .tile-inner:before { background-color: rgba(0, 0, 0, 0.8); }#ftg-11 .tile:hover img {-moz-transform: ;-webkit-transform: ;-o-transform: ;-ms-transform: ;transform: ;}<\/style><a name='1'><\/a><div class='final-tiles-gallery  ftg-hover-enabled caption-inside  caption-none caption-middle caption-center' id='ftg-11' style='width:100%'><div class='ftg-items'><div class='loading-bar'><i><\/i><\/div><div  class='tile ftg-preload  '><a title=\"\" data-lightbox='ftg-11' rel='ftg-11'  class=' tile-inner  ftg-lightbox' href='https:\/\/le-cairn.ch\/wp-content\/uploads\/2018\/05\/DSC0802-1024x576.jpg' ><img alt='' class='item skip-lazy' data-class='item' data-ftg-source='https:\/\/le-cairn.ch\/wp-content\/uploads\/2018\/05\/DSC0802-150x150.jpg' src='https:\/\/le-cairn.ch\/wp-content\/uploads\/2018\/05\/DSC0802-150x150.jpg' width='150' height='150' \/><\/a><div class='ftg-social'><\/div><\/div><div  class='tile ftg-preload  '><a title=\"\" data-lightbox='ftg-11' rel='ftg-11'  class=' tile-inner  ftg-lightbox' href='https:\/\/le-cairn.ch\/wp-content\/uploads\/2018\/05\/DSC0701-1024x683.jpg' ><img alt='' class='item skip-lazy' data-class='item' data-ftg-source='https:\/\/le-cairn.ch\/wp-content\/uploads\/2018\/05\/DSC0701-150x150.jpg' src='https:\/\/le-cairn.ch\/wp-content\/uploads\/2018\/05\/DSC0701-150x150.jpg' width='150' height='150' \/><\/a><div class='ftg-social'><\/div><\/div><div  class='tile ftg-preload  '><a title=\"\" data-lightbox='ftg-11' rel='ftg-11'  class=' tile-inner  ftg-lightbox' href='https:\/\/le-cairn.ch\/wp-content\/uploads\/2018\/05\/DSC0708-1024x683.jpg' ><img alt='' class='item skip-lazy' data-class='item' data-ftg-source='https:\/\/le-cairn.ch\/wp-content\/uploads\/2018\/05\/DSC0708-150x150.jpg' src='https:\/\/le-cairn.ch\/wp-content\/uploads\/2018\/05\/DSC0708-150x150.jpg' width='150' height='150' \/><\/a><div class='ftg-social'><\/div><\/div><div  class='tile ftg-preload  '><a title=\"\" data-lightbox='ftg-11' rel='ftg-11'  class=' tile-inner  ftg-lightbox' href='https:\/\/le-cairn.ch\/wp-content\/uploads\/2018\/05\/DSC0741-1024x683.jpg' ><img alt='' class='item skip-lazy' data-class='item' data-ftg-source='https:\/\/le-cairn.ch\/wp-content\/uploads\/2018\/05\/DSC0741-150x150.jpg' src='https:\/\/le-cairn.ch\/wp-content\/uploads\/2018\/05\/DSC0741-150x150.jpg' width='150' height='150' \/><\/a><div class='ftg-social'><\/div><\/div><div  class='tile ftg-preload  '><a title=\"\" data-lightbox='ftg-11' rel='ftg-11'  class=' tile-inner  ftg-lightbox' href='https:\/\/le-cairn.ch\/wp-content\/uploads\/2018\/05\/DSC0748-1024x683.jpg' ><img alt='' class='item skip-lazy' data-class='item' data-ftg-source='https:\/\/le-cairn.ch\/wp-content\/uploads\/2018\/05\/DSC0748-150x150.jpg' src='https:\/\/le-cairn.ch\/wp-content\/uploads\/2018\/05\/DSC0748-150x150.jpg' width='150' height='150' \/><\/a><div class='ftg-social'><\/div><\/div><div  class='tile ftg-preload  '><a title=\"\" data-lightbox='ftg-11' rel='ftg-11'  class=' tile-inner  ftg-lightbox' href='https:\/\/le-cairn.ch\/wp-content\/uploads\/2018\/05\/DSC0750-1024x683.jpg' ><img alt='' class='item skip-lazy' data-class='item' data-ftg-source='https:\/\/le-cairn.ch\/wp-content\/uploads\/2018\/05\/DSC0750-150x150.jpg' src='https:\/\/le-cairn.ch\/wp-content\/uploads\/2018\/05\/DSC0750-150x150.jpg' width='150' height='150' \/><\/a><div class='ftg-social'><\/div><\/div><div  class='tile ftg-preload  '><a title=\"\" data-lightbox='ftg-11' rel='ftg-11'  class=' tile-inner  ftg-lightbox' href='https:\/\/le-cairn.ch\/wp-content\/uploads\/2018\/05\/DSC0761-1024x683.jpg' ><img alt='' class='item skip-lazy' data-class='item' data-ftg-source='https:\/\/le-cairn.ch\/wp-content\/uploads\/2018\/05\/DSC0761-150x150.jpg' src='https:\/\/le-cairn.ch\/wp-content\/uploads\/2018\/05\/DSC0761-150x150.jpg' width='150' height='150' \/><\/a><div class='ftg-social'><\/div><\/div><div  class='tile ftg-preload  '><a title=\"\" data-lightbox='ftg-11' rel='ftg-11'  class=' tile-inner  ftg-lightbox' href='https:\/\/le-cairn.ch\/wp-content\/uploads\/2018\/05\/DSC0769-1024x683.jpg' ><img alt='' class='item skip-lazy' data-class='item' data-ftg-source='https:\/\/le-cairn.ch\/wp-content\/uploads\/2018\/05\/DSC0769-150x150.jpg' src='https:\/\/le-cairn.ch\/wp-content\/uploads\/2018\/05\/DSC0769-150x150.jpg' width='150' height='150' \/><\/a><div class='ftg-social'><\/div><\/div><div  class='tile ftg-preload  '><a title=\"\" data-lightbox='ftg-11' rel='ftg-11'  class=' tile-inner  ftg-lightbox' href='https:\/\/le-cairn.ch\/wp-content\/uploads\/2018\/05\/DSC0776-1024x683.jpg' ><img alt='' class='item skip-lazy' data-class='item' data-ftg-source='https:\/\/le-cairn.ch\/wp-content\/uploads\/2018\/05\/DSC0776-150x150.jpg' src='https:\/\/le-cairn.ch\/wp-content\/uploads\/2018\/05\/DSC0776-150x150.jpg' width='150' height='150' \/><\/a><div class='ftg-social'><\/div><\/div><div  class='tile ftg-preload  '><a title=\"\" data-lightbox='ftg-11' rel='ftg-11'  class=' tile-inner  ftg-lightbox' href='https:\/\/le-cairn.ch\/wp-content\/uploads\/2018\/05\/DSC0779-1024x683.jpg' ><img alt='' class='item skip-lazy' data-class='item' data-ftg-source='https:\/\/le-cairn.ch\/wp-content\/uploads\/2018\/05\/DSC0779-150x150.jpg' src='https:\/\/le-cairn.ch\/wp-content\/uploads\/2018\/05\/DSC0779-150x150.jpg' width='150' height='150' \/><\/a><div class='ftg-social'><\/div><\/div><div  class='tile ftg-preload  '><a title=\"\" data-lightbox='ftg-11' rel='ftg-11'  class=' tile-inner  ftg-lightbox' href='https:\/\/le-cairn.ch\/wp-content\/uploads\/2018\/05\/DSC0780-1024x683.jpg' ><img alt='' class='item skip-lazy' data-class='item' data-ftg-source='https:\/\/le-cairn.ch\/wp-content\/uploads\/2018\/05\/DSC0780-150x150.jpg' src='https:\/\/le-cairn.ch\/wp-content\/uploads\/2018\/05\/DSC0780-150x150.jpg' width='150' height='150' \/><\/a><div class='ftg-social'><\/div><\/div><div  class='tile ftg-preload  '><a title=\"\" data-lightbox='ftg-11' rel='ftg-11'  class=' tile-inner  ftg-lightbox' href='https:\/\/le-cairn.ch\/wp-content\/uploads\/2018\/05\/DSC0784-1024x683.jpg' ><img alt='' class='item skip-lazy' data-class='item' data-ftg-source='https:\/\/le-cairn.ch\/wp-content\/uploads\/2018\/05\/DSC0784-150x150.jpg' src='https:\/\/le-cairn.ch\/wp-content\/uploads\/2018\/05\/DSC0784-150x150.jpg' width='150' height='150' \/><\/a><div class='ftg-social'><\/div><\/div><div  class='tile ftg-preload  '><a title=\"\" data-lightbox='ftg-11' rel='ftg-11'  class=' tile-inner  ftg-lightbox' href='https:\/\/le-cairn.ch\/wp-content\/uploads\/2018\/05\/DSC0795-1024x683.jpg' ><img alt='' class='item skip-lazy' data-class='item' data-ftg-source='https:\/\/le-cairn.ch\/wp-content\/uploads\/2018\/05\/DSC0795-150x150.jpg' src='https:\/\/le-cairn.ch\/wp-content\/uploads\/2018\/05\/DSC0795-150x150.jpg' width='150' height='150' \/><\/a><div class='ftg-social'><\/div><\/div><div  class='tile ftg-preload  '><a title=\"\" data-lightbox='ftg-11' rel='ftg-11'  class=' tile-inner  ftg-lightbox' href='https:\/\/le-cairn.ch\/wp-content\/uploads\/2018\/05\/DSC0796-1024x683.jpg' ><img alt='' class='item skip-lazy' data-class='item' data-ftg-source='https:\/\/le-cairn.ch\/wp-content\/uploads\/2018\/05\/DSC0796-150x150.jpg' src='https:\/\/le-cairn.ch\/wp-content\/uploads\/2018\/05\/DSC0796-150x150.jpg' width='150' height='150' \/><\/a><div class='ftg-social'><\/div><\/div><div  class='tile ftg-preload  '><a title=\"\" data-lightbox='ftg-11' rel='ftg-11'  class=' tile-inner  ftg-lightbox' href='https:\/\/le-cairn.ch\/wp-content\/uploads\/2018\/05\/DSC0799-1024x683.jpg' ><img alt='' class='item skip-lazy' data-class='item' data-ftg-source='https:\/\/le-cairn.ch\/wp-content\/uploads\/2018\/05\/DSC0799-150x150.jpg' src='https:\/\/le-cairn.ch\/wp-content\/uploads\/2018\/05\/DSC0799-150x150.jpg' width='150' height='150' \/><\/a><div class='ftg-social'><\/div><\/div><div  class='tile ftg-preload  '><a title=\"\" data-lightbox='ftg-11' rel='ftg-11'  class=' tile-inner  ftg-lightbox' href='https:\/\/le-cairn.ch\/wp-content\/uploads\/2018\/05\/DSC0800-1024x683.jpg' ><img alt='' class='item skip-lazy' data-class='item' data-ftg-source='https:\/\/le-cairn.ch\/wp-content\/uploads\/2018\/05\/DSC0800-150x150.jpg' src='https:\/\/le-cairn.ch\/wp-content\/uploads\/2018\/05\/DSC0800-150x150.jpg' width='150' height='150' \/><\/a><div class='ftg-social'><\/div><\/div><div  class='tile ftg-preload  '><a title=\"\" data-lightbox='ftg-11' rel='ftg-11'  class=' tile-inner  ftg-lightbox' href='https:\/\/le-cairn.ch\/wp-content\/uploads\/2018\/05\/DSC0805.jpg' ><img alt='' class='item skip-lazy' data-class='item' data-ftg-source='https:\/\/le-cairn.ch\/wp-content\/uploads\/2018\/05\/DSC0805-150x150.jpg' src='https:\/\/le-cairn.ch\/wp-content\/uploads\/2018\/05\/DSC0805-150x150.jpg' width='150' height='150' \/><\/a><div class='ftg-social'><\/div><\/div><div  class='tile ftg-preload  '><a title=\"\" data-lightbox='ftg-11' rel='ftg-11'  class=' tile-inner  ftg-lightbox' href='https:\/\/le-cairn.ch\/wp-content\/uploads\/2018\/05\/DSC0806-1024x683.jpg' ><img alt='' class='item skip-lazy' data-class='item' data-ftg-source='https:\/\/le-cairn.ch\/wp-content\/uploads\/2018\/05\/DSC0806-300x200.jpg' src='https:\/\/le-cairn.ch\/wp-content\/uploads\/2018\/05\/DSC0806-300x200.jpg' width='300' height='200' \/><\/a><div class='ftg-social'><\/div><\/div><div  class='tile ftg-preload  '><a title=\"\" data-lightbox='ftg-11' rel='ftg-11'  class=' tile-inner  ftg-lightbox' href='https:\/\/le-cairn.ch\/wp-content\/uploads\/2018\/05\/DSC0808-1024x683.jpg' ><img alt='' class='item skip-lazy' data-class='item' data-ftg-source='https:\/\/le-cairn.ch\/wp-content\/uploads\/2018\/05\/DSC0808-150x150.jpg' src='https:\/\/le-cairn.ch\/wp-content\/uploads\/2018\/05\/DSC0808-150x150.jpg' width='150' height='150' \/><\/a><div class='ftg-social'><\/div><\/div><div  class='tile ftg-preload  '><a title=\"\" data-lightbox='ftg-11' rel='ftg-11'  class=' tile-inner  ftg-lightbox' href='https:\/\/le-cairn.ch\/wp-content\/uploads\/2018\/05\/DSC0810-1024x683.jpg' ><img alt='' class='item skip-lazy' data-class='item' data-ftg-source='https:\/\/le-cairn.ch\/wp-content\/uploads\/2018\/05\/DSC0810-150x150.jpg' src='https:\/\/le-cairn.ch\/wp-content\/uploads\/2018\/05\/DSC0810-150x150.jpg' width='150' height='150' \/><\/a><div class='ftg-social'><\/div><\/div><div  class='tile ftg-preload  '><a title=\"\" data-lightbox='ftg-11' rel='ftg-11'  class=' tile-inner  ftg-lightbox' href='https:\/\/le-cairn.ch\/wp-content\/uploads\/2018\/05\/DSC0813-1024x683.jpg' ><img alt='' class='item skip-lazy' data-class='item' data-ftg-source='https:\/\/le-cairn.ch\/wp-content\/uploads\/2018\/05\/DSC0813-150x150.jpg' src='https:\/\/le-cairn.ch\/wp-content\/uploads\/2018\/05\/DSC0813-150x150.jpg' width='150' height='150' \/><\/a><div class='ftg-social'><\/div><\/div><div  class='tile ftg-preload  '><a title=\"\" data-lightbox='ftg-11' rel='ftg-11'  class=' tile-inner  ftg-lightbox' href='https:\/\/le-cairn.ch\/wp-content\/uploads\/2018\/05\/DSC0821-1024x683.jpg' ><img alt='' class='item skip-lazy' data-class='item' data-ftg-source='https:\/\/le-cairn.ch\/wp-content\/uploads\/2018\/05\/DSC0821-150x150.jpg' src='https:\/\/le-cairn.ch\/wp-content\/uploads\/2018\/05\/DSC0821-150x150.jpg' width='150' height='150' \/><\/a><div class='ftg-social'><\/div><\/div><div  class='tile ftg-preload  '><a title=\"\" data-lightbox='ftg-11' rel='ftg-11'  class=' tile-inner  ftg-lightbox' href='https:\/\/le-cairn.ch\/wp-content\/uploads\/2018\/05\/DSC0824-1024x683.jpg' ><img alt='' class='item skip-lazy' data-class='item' data-ftg-source='https:\/\/le-cairn.ch\/wp-content\/uploads\/2018\/05\/DSC0824-150x150.jpg' src='https:\/\/le-cairn.ch\/wp-content\/uploads\/2018\/05\/DSC0824-150x150.jpg' width='150' height='150' \/><\/a><div class='ftg-social'><\/div><\/div><div  class='tile ftg-preload  '><a title=\"\" data-lightbox='ftg-11' rel='ftg-11'  class=' tile-inner  ftg-lightbox' href='https:\/\/le-cairn.ch\/wp-content\/uploads\/2018\/05\/DSC0826-1024x683.jpg' ><img alt='' class='item skip-lazy' data-class='item' data-ftg-source='https:\/\/le-cairn.ch\/wp-content\/uploads\/2018\/05\/DSC0826-1800x1200.jpg' src='https:\/\/le-cairn.ch\/wp-content\/uploads\/2018\/05\/DSC0826-1800x1200.jpg' width='1800' height='1200' \/><\/a><div class='ftg-social'><\/div><\/div><div  class='tile ftg-preload  '><a title=\"\" data-lightbox='ftg-11' rel='ftg-11'  class=' tile-inner  ftg-lightbox' href='https:\/\/le-cairn.ch\/wp-content\/uploads\/2018\/05\/DSC0830-1024x683.jpg' ><img alt='' class='item skip-lazy' data-class='item' data-ftg-source='https:\/\/le-cairn.ch\/wp-content\/uploads\/2018\/05\/DSC0830-150x150.jpg' src='https:\/\/le-cairn.ch\/wp-content\/uploads\/2018\/05\/DSC0830-150x150.jpg' width='150' height='150' \/><\/a><div class='ftg-social'><\/div><\/div><div  class='tile ftg-preload  '><a title=\"\" data-lightbox='ftg-11' rel='ftg-11'  class=' tile-inner  ftg-lightbox' href='https:\/\/le-cairn.ch\/wp-content\/uploads\/2018\/05\/DSC0834-1024x683.jpg' ><img alt='' class='item skip-lazy' data-class='item' data-ftg-source='https:\/\/le-cairn.ch\/wp-content\/uploads\/2018\/05\/DSC0834.jpg' src='https:\/\/le-cairn.ch\/wp-content\/uploads\/2018\/05\/DSC0834.jpg' width='1800' height='1201' \/><\/a><div class='ftg-social'><\/div><\/div><\/div><\/div><script type='text\/javascript'>jQuery('#ftg-11 img.item').removeAttr('src');jQuery(document).ready(function () {setTimeout(function () {jQuery('#ftg-11').finalTilesGallery({minTileWidth: 50,margin: 3,loadMethod: 'sequential',nonce: '6dc069fceb',galleryId: '1',setupFilters: true,layout: 'final',debug: false,gridSize: 28,disableGridSizeBelow:800,allowEnlargement: true,imageSizeFactor: [ [4000, 0.5],[1024, 0.5],[768, 0.5],[640, 0.5],[320, 0.5]],selectedFilter: 'n-a'});jQuery(function () {(function () {var rel = '';jQuery('#ftg-11 .ftg-lightbox').click(function (e) {rel = jQuery(this).attr('rel');jQuery('#ftg-11 .ftg-current').removeClass('ftg-current');jQuery('#ftg-11 [rel=\"'+rel+'\"]').addClass('ftg-current');});})();});}, 0);});<\/script>\n<\/div>\n<\/div>","protected":false},"excerpt":{"rendered":"<p>Et si l\u2019on confrontait autour des mouvements des plaques tectoniques des personnes \u00e9trang\u00e8res les unes aux autres ? Si on faisait dialoguer des personnes aux langages diff\u00e9rents ? Des g\u00e9ologues expliqueraient comment vit le sol de nos r\u00e9gions, des sismologues d\u00e9criraient les causes et les diff\u00e9rentes \u00e9tapes des tremblements de terre. Des artistes, caisse de &hellip; <\/p>\n<p class=\"link-more\"><a href=\"https:\/\/le-cairn.ch\/?page_id=53\" class=\"more-link\">Continuer la lecture<span class=\"screen-reader-text\"> de &laquo;&nbsp;Workshop&nbsp;&raquo;<\/span><\/a><\/p>\n","protected":false},"author":2,"featured_media":0,"parent":0,"menu_order":0,"comment_status":"closed","ping_status":"closed","template":"","meta":[],"wf_page_folders":[20],"_links":{"self":[{"href":"https:\/\/le-cairn.ch\/index.php?rest_route=\/wp\/v2\/pages\/53"}],"collection":[{"href":"https:\/\/le-cairn.ch\/index.php?rest_route=\/wp\/v2\/pages"}],"about":[{"href":"https:\/\/le-cairn.ch\/index.php?rest_route=\/wp\/v2\/types\/page"}],"author":[{"embeddable":true,"href":"https:\/\/le-cairn.ch\/index.php?rest_route=\/wp\/v2\/users\/2"}],"replies":[{"embeddable":true,"href":"https:\/\/le-cairn.ch\/index.php?rest_route=%2Fwp%2Fv2%2Fcomments&post=53"}],"version-history":[{"count":37,"href":"https:\/\/le-cairn.ch\/index.php?rest_route=\/wp\/v2\/pages\/53\/revisions"}],"predecessor-version":[{"id":705,"href":"https:\/\/le-cairn.ch\/index.php?rest_route=\/wp\/v2\/pages\/53\/revisions\/705"}],"wp:attachment":[{"href":"https:\/\/le-cairn.ch\/index.php?rest_route=%2Fwp%2Fv2%2Fmedia&parent=53"}],"wp:term":[{"taxonomy":"wf_page_folders","embeddable":true,"href":"https:\/\/le-cairn.ch\/index.php?rest_route=%2Fwp%2Fv2%2Fwf_page_folders&post=53"}],"curies":[{"name":"wp","href":"https:\/\/api.w.org\/{rel}","templated":true}]}}